242530 and 940?
470
What is the highest common factor of 565 and 1187935?
5
Calculate the highest common divisor of 105 and 18809840.
35
Calculate the greatest common factor of 124 and 704473078.
62
What is the highest common divisor of 80343 and 6005817?
711
What is the greatest common factor of 19 and 1276237847?
19
Calculate the greatest common factor of 30132 and 1832382.
162
What is the greatest common divisor of 42003 and 86463?
117
What is the greatest common divisor of 113 and 212635264?
113
Calculate the highest common factor of 7751160 and 150120.
1080
Calculate the highest common factor of 699712 and 30914.
754
Calculate the highest common factor of 260 and 42626480.
260
Calculate the highest common factor of 1200 and 508060.
20
What is the greatest common factor of 61109633 and 26?
13
Calculate the highest common divisor of 975 and 30742400.
325
What is the highest common divisor of 2688125446 and 7066?
7066
Calculate the highest common factor of 369221 and 13303.
251
Calculate the highest common factor of 6504 and 11393653.
271
Calculate the highest common factor of 39375 and 4085625.
1875
What is the greatest common divisor of 158 and 8151694?
158
Calculate the highest common factor of 8439089 and 7225.
289
Calculate the greatest common factor of 225764 and 238.
14
What is the greatest common divisor of 45506250 and 5663?
809
What is the greatest common divisor of 4433 and 19867016?
13
What is the greatest common divisor of 18895568 and 254?
254
What is the greatest common factor of 174571430 and 8360?
2090
Calculate the greatest common factor of 1028478 and 2321.
11
Calculate the highest common divisor of 51896 and 135850.
26
Calculate the greatest common factor of 117 and 2013401.
13
What is the greatest common factor of 318008 and 783752?
2504
What is the highest common divisor of 3968 and 9181456?
496
Calculate the greatest common divisor of 9544526 and 753.
251
Calculate the greatest common divisor of 221490 and 31932.
18
What is the highest common factor of 162 and 63197334?
162
What is the highest common divisor of 246392 and 1596?
76
What is the greatest common factor of 55914110 and 70?
70
Calculate the highest common divisor of 6054896 and 1091171.
1697
Calculate the greatest common factor of 3108 and 566877.
111
Calculate the highest common divisor of 42903 and 785673.
189
Calculate the greatest common factor of 118 and 10630089.
59
Calculate the greatest common divisor of 3654 and 243894.
42
What is the greatest common factor of 1899170 and 2625?
35
Calculate the highest common factor of 72 and 41465748.
12
Calculate the greatest common factor of 20872610 and 136400.
3410
What is the greatest common divisor of 357035 and 40719665?
3535
What is the highest common factor of 19200 and 71140?
20
Calculate the greatest common divisor of 680 and 91613720.
40
What is the highest common divisor of 45790417 and 1?
1
Calculate the highest common factor of 32916 and 28502513.
2743
What is the highest common factor of 11488236 and 19?
19
What is the greatest common divisor of 157825 and 465450?
2675
What is the highest common factor of 461682910 and 20930?
2990
What is the highest common factor of 1572772 and 7099?
229
What is the greatest common factor of 3890 and 584658442?
778
Calculate the highest common factor of 6171 and 3833313.
561
What is the highest common divisor of 77 and 57573901?
77
What is the highest common divisor of 100102 and 362?
2
What is the greatest common divisor of 7780135 and 12155?
935
What is the greatest common divisor of 2839 and 8045392?
167
Calculate the greatest common factor of 973 and 2446122.
973
What is the greatest common divisor of 97 and 157896309?
97
What is the greatest common divisor of 202515 and 179745?
345
Calculate the highest common divisor of 423392 and 3665904.
2096
Calculate the highest common factor of 10989 and 25336179.
297
Calculate the greatest common factor of 23845930 and 1090.
1090
What is the highest common factor of 30628 and 868186?
1178
What is the greatest common divisor of 216 and 1275804?
108
What is the highest common divisor of 12348030 and 390?
30
Calculate the highest common factor of 3 and 1438.
1
Calculate the greatest common divisor of 728 and 66015040.
728
What is the highest common factor of 39804 and 4188?
12
What is the greatest common factor of 1072707 and 12?
3
Calculate the highest common divisor of 45662530 and 1015.
145
What is the greatest common divisor of 2287306 and 101689?
1393
Calculate the greatest common factor of 111 and 12803776.
37
Calculate the greatest common factor of 2783401 and 106.
53
What is the greatest common factor of 298273 and 11749?
379
Calculate the greatest common factor of 731 and 648061471.
731
Calculate the highest common factor of 2 and 243418178.
2
What is the greatest common divisor of 1645 and 397526?
47
What is the highest common factor of 62 and 21351436?
62
What is the highest common divisor of 42378901 and 6663?
2221
What is the highest common divisor of 115721928 and 45?
9
What is the highest common divisor of 12655755 and 140?
35
Calculate the highest common factor of 2826400 and 8800.
800
Calculate the greatest common factor of 3456 and 50405760.
3456
Calculate the greatest common divisor of 44 and 81425036.
44
What is the greatest common divisor of 7761 and 23827663?
199
What is the greatest common factor of 195 and 9374790?
15
What is the highest common factor of 10186 and 1036640?
22
Calculate the greatest common divisor of 26 and 2288642148.
26
Calculate the highest common factor of 1243540 and 180.
20
Calculate the greatest common divisor of 471540 and 113280.
60
What is the greatest common factor of 7887407 and 326?
163
Calculate the highest common divisor of 26563 and 1811018.
263
What is the greatest common divisor of 1793 and 27680171?
163
What is the greatest common divisor of 8 and 168790936?
8
What is the greatest common factor of 2427353 and 22600?
113
What is the greatest common divisor of 15205918 and 268?
134
What is the highest common divisor of 6016249 and 2754?
17
Calculate the highest common factor of 14049345 and 97305.
7485
Calculate the highest common divisor of 51186208 and 3968.
992
Calculate the highest common factor of 8305188 and 444.
12
What is the greatest common divisor of 19320 and 18004?
28
What is the greatest common factor of 127943 and 2221979?
97
Calculate the greatest common factor of 28515 and 1726185.
15
What is the greatest common divisor of 284958857 and 647?
647
What is the greatest common factor of 75826 and 23126?
62
What is the highest common divisor of 28660 and 933897564?
5732
Calculate the greatest common factor of 4514057 and 3208.
401
What is the greatest common divisor of 1640210 and 17834?
74
Calculate the greatest common divisor of 2145 and 38777817.
39
Calculate the greatest common factor of 11152292 and 524.
524
Calculate the highest common divisor of 14877 and 957609.
783
What is the highest common divisor of 471 and 146442535?
157
What is the highest common factor of 20452 and 6096?
4
Calculate the greatest common divisor of 1334059 and 5561.
83
What is the greatest common factor of 16452397 and 1222?
611
What is the greatest common divisor of 10458564 and 657?
219
What is the greatest common divisor of 286506 and 414?
18
Calculate the highest common divisor of 8200992 and 168.
24
Calculate the greatest common factor of 206538 and 16008.
174
What is the highest common divisor of 3652 and 2421193?
83
What is the highest common divisor of 12269105 and 170?
5
What is the greatest common factor of 14 and 3677604238?
14
Calculate the greatest common divisor of 9060272 and 1341212.
4052
Calculate the greatest common divisor of 24 and 261517224.
24
Calculate the greatest common factor of 38848046 and 848.
106
What is the highest common divisor of 25 and 32485585?
5
What is the highest common factor of 2895236 and 340?
68
Calculate the highest common divisor of 7161 and 1431177.
1023
What is the highest common divisor of 698245 and 147460?
365
Calculate the greatest common divisor of 435 and 17521800.
435
What is the highest common divisor of 1950 and 4536870?
390
Calculate the greatest common divisor of 1853684 and 3024784.
6692
What is the greatest commo